{"id":51277,"date":"2026-03-31T10:14:21","date_gmt":"2026-03-31T07:14:21","guid":{"rendered":"https:\/\/alfatasarim.net\/tatli\/?page_id=51277"},"modified":"2026-03-31T10:14:21","modified_gmt":"2026-03-31T07:14:21","slug":"cerez-politikasi","status":"publish","type":"page","link":"https:\/\/alfatasarim.net\/tatli\/cerez-politikasi\/","title":{"rendered":"\u00c7EREZ POL\u0130T\u0130KASI"},"content":{"rendered":"<p>EKSPRES TATLI GIDA TUR\u0130ZM \u0130N\u015eAAT L\u0130M\u0130TED \u015e\u0130RKET\u0130 (\u201cEKSPRES TATLI\u201d) olarak, internet sitemizin i\u015fleyi\u015finin y\u00fcr\u00fct\u00fclmesi ad\u0131na \u00e7e\u015fitli \u00e7erezler kullanmakta ve bu \u00e7erezler vas\u0131tas\u0131yla ki\u015fisel verilerinizi i\u015flemekteyiz. Bu kapsamda, veri sorumlusu s\u0131fat\u0131yla 6698 say\u0131l\u0131 Ki\u015fisel Verilerin Korunmas\u0131 Kanunu\u2019ndan do\u011fan ayd\u0131nlatma y\u00fck\u00fcml\u00fcl\u00fc\u011f\u00fcm\u00fcz do\u011frultusunda sizleri bilgilendirmek isteriz.<\/p>\n<p>\u00c7erez Politikam\u0131z kapsam\u0131nda,\u00a0https:\/\/eksprestatli.com\/ internet sitesini ziyaret etmeniz halinde kullan\u0131lacak \u00e7erezlere ve bu \u015fekilde i\u015flenecek ki\u015fisel verilerinize ili\u015fkin bilgiler yer almakta olup hangi t\u00fcr \u00e7erezlerin hangi ko\u015fullarda kullan\u0131ld\u0131\u011f\u0131 a\u00e7\u0131klanmaktad\u0131r.<\/p>\n<p><strong><u>\u00c7erez Nedir?<\/u><\/strong><\/p>\n<p>\u00c7erezler, ziyaret etti\u011finiz internet siteleri taraf\u0131ndan tercihlerinizin ve bir k\u0131s\u0131m bilgilerinizin sonraki ziyaretlerinizde hat\u0131rlanabilmesi amac\u0131yla cihaz\u0131n\u0131za kaydedilen k\u00fc\u00e7\u00fck metin dosyalar\u0131d\u0131r. Bir internet sitesini ilk ziyaret etti\u011finizde taray\u0131c\u0131n\u0131z arac\u0131l\u0131\u011f\u0131yla cihaz\u0131n\u0131za bir \u00e7erez kaydedilir. Ayn\u0131 siteyi ayn\u0131 cihazla tekrar ziyaret etti\u011finizdeyse taray\u0131c\u0131n\u0131z, cihaz\u0131n\u0131zda site ad\u0131na kay\u0131tl\u0131 bir \u00e7erez olup olmad\u0131\u011f\u0131n\u0131 kontrol eder ve bir kay\u0131t varsa kayd\u0131n i\u00e7indeki veriyi ziyaret etmekte oldu\u011funuz internet sitesine iletir. B\u00f6ylece internet sitesi, sizin siteyi daha \u00f6nce ziyaret etti\u011finizi anlar ve deneyiminizi iyile\u015ftirmek i\u00e7in belirli ad\u0131mlar atabilir (\u00f6rne\u011fin \u00f6nceki ziyaretinizdeki dil tercihinizi hat\u0131rlayabilir).<\/p>\n<p>\u0130nternet sitemizde kulland\u0131\u011f\u0131m\u0131z \u00e7erezlere ili\u015fkin detayl\u0131 bilgi a\u015fa\u011f\u0131daki tabloda g\u00f6sterilmektedir:<\/p>\n<figure class=\"wp-block-table\">\n<table>\n<tbody>\n<tr>\n<td><strong>\u00c7erez T\u00fcr\u00fc<\/strong><\/td>\n<td><strong>A\u00e7\u0131klamalar<\/strong><\/td>\n<\/tr>\n<tr>\n<td><strong>Zorunlu \u00e7erezler<\/strong><\/td>\n<td>Zorunlu \u00e7erezler, internet sitemizin do\u011fru \u00e7al\u0131\u015fmas\u0131 i\u00e7in zorunlu oldu\u011fundan bunlar\u0131 devre d\u0131\u015f\u0131 b\u0131rakmam\u0131z m\u00fcmk\u00fcn de\u011fildir.<\/td>\n<\/tr>\n<tr>\n<td><strong>\u0130\u015f<\/strong><strong>lev\u00a0<\/strong><strong>\u00e7<\/strong><strong>erezleri<\/strong><\/td>\n<td>\u0130\u015flev \u00e7erezleri, internet sitemize ek i\u015flevler kazand\u0131r\u0131r ve sitemizi sizin i\u00e7in \u00f6zelle\u015ftirmemize olanak sa\u011flarlar.<\/td>\n<\/tr>\n<tr>\n<td><strong>Analitik ve performans \u00e7erezleri<\/strong><\/td>\n<td>Analitik \u00e7erezleri, internet sitemizin performans\u0131n\u0131 \u00f6l\u00e7memize ve geli\u015ftirmemize imk\u00e2n sa\u011flar. \u00d6rne\u011fin hangi sayfalar\u0131n en s\u0131k ziyaret edildi\u011fi, ziyaret\u00e7ilerin site i\u00e7erisinde nas\u0131l bir gezinti yapt\u0131\u011f\u0131 gibi bilgiler bu \u00e7erezler arac\u0131l\u0131\u011f\u0131yla toplan\u0131r. Bahsedilen bilgiler istatistiki nitelikte toplu verilerdir (\u00f6rne\u011fin belirli say\u0131da ki\u015finin belirli bir sayfay\u0131 ziyaret etti\u011fi bilgisi). Dolay\u0131s\u0131yla bu veriler ki\u015fi baz\u0131nda herhangi bir bilgi i\u00e7ermezler.<\/td>\n<\/tr>\n<\/tbody>\n<\/table>\n<\/figure>\n<p><strong><u>\u00c7erezler Yoluyla Hangi Ki\u015fisel Veriler Nas\u0131l ve Ne Ama\u00e7la \u0130\u015flenmektedir?<\/u><\/strong><\/p>\n<p>\u0130nternet sitemizi ziyaret eden t\u00fcm ziyaret\u00e7ilerimiz a\u00e7\u0131s\u0131ndan IP adresi, ziyaret edilen sayfalar, g\u00f6r\u00fcnt\u00fclenme say\u0131s\u0131 ve zamanlar\u0131, hangi taray\u0131c\u0131dan eri\u015fim sa\u011fland\u0131\u011f\u0131 ve sistem ayarlar\u0131n\u0131z \u00e7erezler taraf\u0131ndan kaydedilmek suretiyle i\u015flenebilir.<\/p>\n<p>S\u00f6z konusu verilerin i\u015flenme ama\u00e7lar\u0131; internet sitemiz \u00fczerinden daha iyi, h\u0131zl\u0131 ve g\u00fcvenli bir deneyim ve\/veya yeni \u00f6zellikler sunulabilmesi, sitenin kullan\u0131m\u0131na ili\u015fkin istatistiki bilgilerin toplanabilmesi ve sitede iyile\u015ftirmeler yap\u0131labilmesidir. Bu veriler kimli\u011finizi tan\u0131mlamak i\u00e7in kullan\u0131lmamakta olup tamam\u0131yla internet sitemizin i\u015fleyi\u015finin sa\u011flanmas\u0131na y\u00f6neliktir. Sitemizde \u00fc\u00e7\u00fcnc\u00fc taraf \u00e7erezleri kullan\u0131lmamakta, yaln\u0131zca zorunlu ve i\u015flevsel \u00e7erezler y\u00fcr\u00fct\u00fclmektedir.<\/p>\n<p><strong><u>\u00c7erezleri Nas\u0131l Y\u00f6netebilirsiniz?<\/u><\/strong><\/p>\n<p>\u00c7erezlerin kullan\u0131m\u0131na ili\u015fkin tercihlerinizi de\u011fi\u015ftirmek, \u00e7erezleri engellemek veya silmek i\u00e7in internet taray\u0131c\u0131n\u0131z\u0131n ayarlar\u0131n\u0131 de\u011fi\u015ftirmeniz yeterlidir. B\u00f6ylece internet sitemiz taraf\u0131ndan cihaz\u0131n\u0131za \u00e7erez dosyalar\u0131 kaydedilmesini \u00f6nleyebilir veya daha \u00f6nce kaydedilen \u00e7erezleri silebilirsiniz. Ancak \u00e7erezleri engellemeniz veya silmeniz, internet sitemizi her ziyaret etti\u011finizde tercihlerinizi yeniden ayarlaman\u0131z\u0131 (\u00f6rne\u011fin dil se\u00e7imini de\u011fi\u015ftirmenizi) gerektirebilir ve sitemizdeki baz\u0131 \u00f6zelliklerden faydalanman\u0131z m\u00fcmk\u00fcn olmayabilir.<\/p>\n<p>\u00c7erezleri kapatmak i\u00e7in gerekli bilgileri, internet taray\u0131c\u0131n\u0131z\u0131n yard\u0131m sayfalar\u0131nda bulabilirsiniz.<\/p>\n<p><strong><u>\u00c7erez Politikas\u0131na \u0130li\u015fkin<\/u><\/strong><\/p>\n<p>\u0130\u015fbu \u00c7erez Politikas\u0131nda internet sitesinin gereklilikleri ve \u015eirket faaliyetlerinin ihtiya\u00e7lar\u0131 do\u011frultusunda zaman zaman de\u011fi\u015fiklikler yap\u0131labilir. Bu do\u011frultuda, \u00c7erez Politikas\u0131n\u0131n i\u00e7eri\u011fini herhangi bir zamanda ve bildirimde bulunmaks\u0131z\u0131n de\u011fi\u015ftirme hakk\u0131m\u0131z sakl\u0131d\u0131r. Politika de\u011fi\u015fikliklerimizi kabul etmemeniz halinde diledi\u011finiz zaman taray\u0131c\u0131 ayarlar\u0131n\u0131zdan \u00e7erez tercihlerinizi de\u011fi\u015ftirebilirsiniz. \u00c7erez Politikas\u0131n\u0131n en son s\u00fcr\u00fcm\u00fc i\u00e7in bu sayfaya bakabilirsiniz.<\/p>\n","protected":false},"excerpt":{"rendered":"<p>EKSPRES TATLI GIDA TUR\u0130ZM \u0130N\u015eAAT L\u0130M\u0130TED \u015e\u0130RKET\u0130 (\u201cEKSPRES TATLI\u201d) olarak, internet sitemizin i\u015fleyi\u015finin y\u00fcr\u00fct\u00fclmesi ad\u0131na \u00e7e\u015fitli \u00e7erezler kullanmakta ve bu&#8230;<\/p>\n","protected":false},"author":1,"featured_media":-3,"parent":0,"menu_order":0,"comment_status":"closed","ping_status":"closed","template":"","meta":{"rs_blank_template":"","rs_page_bg_color":"","slide_template_v7":"","footnotes":""},"class_list":["post-51277","page","type-page","status-publish","has-post-thumbnail","hentry"],"_links":{"self":[{"href":"https:\/\/alfatasarim.net\/tatli\/wp-json\/wp\/v2\/pages\/51277","targetHints":{"allow":["GET"]}}],"collection":[{"href":"https:\/\/alfatasarim.net\/tatli\/wp-json\/wp\/v2\/pages"}],"about":[{"href":"https:\/\/alfatasarim.net\/tatli\/wp-json\/wp\/v2\/types\/page"}],"author":[{"embeddable":true,"href":"https:\/\/alfatasarim.net\/tatli\/wp-json\/wp\/v2\/users\/1"}],"replies":[{"embeddable":true,"href":"https:\/\/alfatasarim.net\/tatli\/wp-json\/wp\/v2\/comments?post=51277"}],"version-history":[{"count":1,"href":"https:\/\/alfatasarim.net\/tatli\/wp-json\/wp\/v2\/pages\/51277\/revisions"}],"predecessor-version":[{"id":51278,"href":"https:\/\/alfatasarim.net\/tatli\/wp-json\/wp\/v2\/pages\/51277\/revisions\/51278"}],"wp:featuredmedia":[{"embeddable":true,"href":"https:\/\/alfatasarim.net\/tatli\/wp-json\/"}],"wp:attachment":[{"href":"https:\/\/alfatasarim.net\/tatli\/wp-json\/wp\/v2\/media?parent=51277"}],"curies":[{"name":"wp","href":"https:\/\/api.w.org\/{rel}","templated":true}]}}